{"id":4920,"date":"2023-06-22T13:57:26","date_gmt":"2023-06-22T11:57:26","guid":{"rendered":"https:\/\/maison-zellige.com\/?post_type=product&#038;p=4920"},"modified":"2025-05-24T16:02:34","modified_gmt":"2025-05-24T14:02:34","slug":"art-fassi","status":"publish","type":"product","link":"https:\/\/maison-zellige.com\/en\/product\/art-fassi\/","title":{"rendered":"Assife cr\u00e9ation Maison Zellige"},"content":{"rendered":"<p>Panneaux en zelliges artisanaux de F\u00e8s dimension 30*30 cm<\/p>\n<p>Pour toutes r\u00e9alisations sur-mesure merci de nous contacter par mail \u00e0 l&rsquo;adresse suivante :<\/p>\n<p>contact@maison-zellige.com<\/p>","protected":false},"excerpt":{"rendered":"<p>Panneaux en zelliges artisanaux de F\u00e8s dimension 30*30 cm Pour toutes r\u00e9alisations sur-mesure merci de nous contacter par mail \u00e0 l&rsquo;adresse suivante : contact@maison-zellige.com<\/p>","protected":false},"featured_media":5537,"comment_status":"open","ping_status":"closed","template":"","meta":{"_monsterinsights_skip_tracking":false,"_monsterinsights_sitenote_active":false,"_monsterinsights_sitenote_note":"","_monsterinsights_sitenote_category":0},"_links":{"self":[{"href":"https:\/\/maison-zellige.com\/en\/wp-json\/wp\/v2\/product\/4920"}],"collection":[{"href":"https:\/\/maison-zellige.com\/en\/wp-json\/wp\/v2\/product"}],"about":[{"href":"https:\/\/maison-zellige.com\/en\/wp-json\/wp\/v2\/types\/product"}],"replies":[{"embeddable":true,"href":"https:\/\/maison-zellige.com\/en\/wp-json\/wp\/v2\/comments?post=4920"}],"wp:featuredmedia":[{"embeddable":true,"href":"https:\/\/maison-zellige.com\/en\/wp-json\/wp\/v2\/media\/5537"}],"wp:attachment":[{"href":"https:\/\/maison-zellige.com\/en\/wp-json\/wp\/v2\/media?parent=4920"}],"curies":[{"name":"wp","href":"https:\/\/api.w.org\/{rel}","templated":true}]}}

Assife création Maison Zellige

<p>Panneaux en zelliges artisanaux de Fès dimension 30*30 cm</p>
<p>Pour toutes réalisations sur-mesure merci de nous contacter par mail à l&rsquo;adresse suivante :</p>
<p>contact@maison-zellige.com</p>

<p>Panneaux en zelliges artisanaux de Fès dimension 30*30 cm Pour toutes réalisations sur-mesure merci de nous contacter par mail à l&rsquo;adresse suivante : contact@maison-zellige.com</p>
