{"id":4752,"date":"2023-06-11T17:30:25","date_gmt":"2023-06-11T15:30:25","guid":{"rendered":"https:\/\/maison-zellige.com\/?post_type=product&#038;p=4752"},"modified":"2023-09-29T14:57:42","modified_gmt":"2023-09-29T12:57:42","slug":"feuillage-fassi","status":"publish","type":"product","link":"https:\/\/maison-zellige.com\/en\/product\/feuillage-fassi\/","title":{"rendered":"Feuillage F\u00e2ssi"},"content":{"rendered":"<p>Panneaux en zelliges artisanaux de F\u00e8s dimension 30*30 cm<\/p>\n<p>Pour toutes r\u00e9alisations sur-mesure merci de nous contacter par mail \u00e0 l&rsquo;adresse suivante :<\/p>\n<p>contact@maison-zellige.com<\/p>","protected":false},"excerpt":{"rendered":"<p>Panneaux en zelliges artisanaux de F\u00e8s dimension 30*30 cm Pour toutes r\u00e9alisations sur-mesure merci de nous contacter par mail \u00e0 l&rsquo;adresse suivante : contact@maison-zellige.com<\/p>","protected":false},"featured_media":4755,"comment_status":"open","ping_status":"closed","template":"","meta":{"_monsterinsights_skip_tracking":false,"_monsterinsights_sitenote_active":false,"_monsterinsights_sitenote_note":"","_monsterinsights_sitenote_category":0},"_links":{"self":[{"href":"https:\/\/maison-zellige.com\/en\/wp-json\/wp\/v2\/product\/4752"}],"collection":[{"href":"https:\/\/maison-zellige.com\/en\/wp-json\/wp\/v2\/product"}],"about":[{"href":"https:\/\/maison-zellige.com\/en\/wp-json\/wp\/v2\/types\/product"}],"replies":[{"embeddable":true,"href":"https:\/\/maison-zellige.com\/en\/wp-json\/wp\/v2\/comments?post=4752"}],"wp:featuredmedia":[{"embeddable":true,"href":"https:\/\/maison-zellige.com\/en\/wp-json\/wp\/v2\/media\/4755"}],"wp:attachment":[{"href":"https:\/\/maison-zellige.com\/en\/wp-json\/wp\/v2\/media?parent=4752"}],"curies":[{"name":"wp","href":"https:\/\/api.w.org\/{rel}","templated":true}]}}

Feuillage Fâssi

<p>Panneaux en zelliges artisanaux de Fès dimension 30*30 cm</p>
<p>Pour toutes réalisations sur-mesure merci de nous contacter par mail à l&rsquo;adresse suivante :</p>
<p>contact@maison-zellige.com</p>

<p>Panneaux en zelliges artisanaux de Fès dimension 30*30 cm Pour toutes réalisations sur-mesure merci de nous contacter par mail à l&rsquo;adresse suivante : contact@maison-zellige.com</p>
